{"id":207,"date":"2015-05-19T21:06:37","date_gmt":"2015-05-19T21:06:37","guid":{"rendered":"http:\/\/www.dragaobranco.org.br\/site\/?page_id=207"},"modified":"2015-05-22T19:49:52","modified_gmt":"2015-05-22T19:49:52","slug":"copa-kids-colina","status":"publish","type":"page","link":"https:\/\/www.dragaobranco.org.br\/site\/copa-kids-colina\/","title":{"rendered":"Copa Kid\u00b4s Colina"},"content":{"rendered":"<table border=\"0\" align=\"center\">\n<tbody>\n<tr>\n<td><img decoding=\"async\" class=\"alignnone size-full wp-image-255 aligncenter\" src=\"https:\/\/www.dragaobranco.org.br\/site\/wp-content\/uploads\/2015\/05\/insc1.gif\" alt=\"insc1\" width=\"200\" height=\"185\" \/><\/td>\n<td style=\"text-align: center;\"><a href=\"http:\/\/www.dragaobranco.org.br\/inscricoes\"><img decoding=\"async\" class=\"alignnone size-full wp-image-254\" src=\"https:\/\/www.dragaobranco.org.br\/site\/wp-content\/uploads\/2015\/05\/insc.gif\" alt=\"insc\" width=\"200\" height=\"185\" \/><\/a><\/td>\n<\/tr>\n<tr>\n<td style=\"text-align: center;\"><a href=\"https:\/\/www.dragaobranco.org.br\/site\/wp-content\/uploads\/2015\/05\/CONVITE_CAMPEONATO-2015.pdf\"><img decoding=\"async\" class=\"alignnone size-full wp-image-257\" src=\"https:\/\/www.dragaobranco.org.br\/site\/wp-content\/uploads\/2015\/05\/pdf_download.gif\" alt=\"pdf_download\" width=\"150\" height=\"133\" \/><\/a><br \/>\nConvite Manual<\/td>\n<td style=\"text-align: center;\"><a href=\"https:\/\/www.dragaobranco.org.br\/site\/wp-content\/uploads\/2015\/05\/Tutorial-Inscri\u00e7\u00f5es-Online-Copa-Colina.pdf\"><img decoding=\"async\" class=\"alignnone size-full wp-image-257\" src=\"https:\/\/www.dragaobranco.org.br\/site\/wp-content\/uploads\/2015\/05\/pdf_download.gif\" alt=\"pdf_download\" width=\"150\" height=\"133\" \/><\/a><br \/>\nTutorial sistema<\/td>\n<\/tr>\n<\/tbody>\n<\/table>\n<h5 style=\"text-align: center;\">CONVITE<\/h5>\n<p>Prezados Dirigentes, sauda\u00e7\u00f5es!<\/p>\n<p align=\"justify\">\u00c9 com grande satisfa\u00e7\u00e3o que convidamos vossa senhoria e sua equipe para participar da I COPA COLINA KID\u00b4S DE LI TCHUO PA KUNG FU, que ser\u00e1 realizada no dia <strong>28 de Junho de 2015<\/strong> nas depend\u00eancias do Gin\u00e1sio Municipal de Esportes ANDRE LUIZ MICHILINI, sito a Rua Antonio Paulo de Miranda n\u00ba. 266, junto \u00e0 entrada do Recinto Municipal da Festa do Cavalo de Colina\/SP.<\/p>\n<p style=\"text-align: left;\"><strong>\u00a0<\/strong><\/p>\n<p style=\"text-align: left;\"><strong>PROGRAMA\u00c7\u00c3O<\/strong>:<\/p>\n<p style=\"text-align: left;\">\n<p style=\"text-align: left;\"><strong>\u00a0<\/strong><strong>09h<\/strong><\/p>\n<p align=\"justify\">Abertura oficial do evento com apresenta\u00e7\u00e3o da Equipe Drag\u00e3o Branco de Dan\u00e7a do Le\u00e3o \u2013 coreografia O Despertar do Le\u00e3o;<\/p>\n<p align=\"justify\">Apresenta\u00e7\u00e3o da Jovem Cia Expressart \u2013 Coreografia \u201cEm teus bra\u00e7os\u201d e \u201cCoreografia baseada no filme Kung Fu Panda\u201d.<\/p>\n<p style=\"text-align: left;\">\n<p style=\"text-align: left;\"><strong>10h<\/strong><\/p>\n<p style=\"text-align: left;\">Entrada das delega\u00e7\u00f5es e pronunciamento de autoridades.<\/p>\n<p style=\"text-align: left;\">\n<p style=\"text-align: left;\"><strong>11h<\/strong><\/p>\n<p style=\"text-align: left;\">Inicio das competi\u00e7\u00f5es<\/p>\n<p style=\"text-align: left;\">\n<p style=\"text-align: left;\"><strong>17h<\/strong><\/p>\n<p align=\"justify\">Encerramento das competi\u00e7\u00f5es, entrega das medalhas e sorteio de uma TV de 24\u201d.<\/p>\n<p style=\"text-align: left;\"><strong>\u00a0<\/strong><\/p>\n<p style=\"text-align: left;\">\n<p style=\"text-align: left;\"><strong>Valor das Inscri\u00e7\u00f5es:<\/strong><\/p>\n<p style=\"text-align: left;\"><strong>Inscri\u00e7\u00e3o: R$ 70,00 &#8211; Adicional: R$ 35,00<\/strong><\/p>\n<p align=\"justify\"><strong>\u00a0<\/strong>Certo de contar com vossa presen\u00e7a, desde j\u00e1 agrade\u00e7o e me despe\u00e7o com protestos de estima e considera\u00e7\u00e3o.<\/p>\n<p style=\"text-align: left;\">\n<p style=\"text-align: left;\">Atenciosamente,<\/p>\n<p style=\"text-align: left;\"><em>Professor Gilberto Gon\u00e7alves<\/em><\/p>\n<p style=\"text-align: left;\">Presidente da ADBLKF<\/p>\n<p style=\"text-align: left;\">\n<p style=\"text-align: left;\"><strong>Das Inscri\u00e7\u00f5es:<\/strong><\/p>\n<p align=\"justify\">Cada Associa\u00e7\u00e3o ou academia poder\u00e1 inscrever quantos atletas acharem necess\u00e1rios, observando o numero m\u00ednimo de seis atletas;<\/p>\n<p align=\"justify\">As fichas de inscri\u00e7\u00e3o s\u00e3o individuais para cada atleta participante, devendo constar \u00e0 assinatura do respons\u00e1vel pela associa\u00e7\u00e3o a que pertence e o preenchimento integral de todos os campos referente ao cadastro do atleta.<\/p>\n<p align=\"justify\">No caso de inscri\u00e7\u00f5es em <strong>Formas em Grupo<\/strong> ou <strong>Toi Shao<\/strong> utilizar a ficha de inscri\u00e7\u00e3o em grupo.<\/p>\n<p align=\"justify\">O valor da taxa de inscri\u00e7\u00e3o para o campeonato ser\u00e1 de R$ 70,00 (Setenta reais), que dar\u00e1 o direito de 1 participa\u00e7\u00e3o e para cada participa\u00e7\u00e3o adicional o atleta dever\u00e1 pagar mais R$ 35,00 (trinta e cinco reais).<\/p>\n<p style=\"text-align: left;\">\n<p style=\"text-align: left;\"><strong>NOVIDADE<\/strong><\/p>\n<p align=\"justify\">\n<p align=\"justify\">As inscri\u00e7\u00f5es poder\u00e3o ser feitas online ou pelo envio de fichas (forma tradicional).<\/p>\n<p align=\"justify\">Para realizar as <strong>inscri\u00e7\u00f5es online<\/strong>, basta acessar o site <a href=\"http:\/\/www.dragaobranco.org.br\">www.dragaobranco.org.br<\/a> e seguir as orienta\u00e7\u00f5es do manual de inscri\u00e7\u00f5es anexo a este convite.<\/p>\n<p align=\"justify\">Para inscri\u00e7\u00f5es realizadas por envio de fichas (forma tradicional) enviar as fichas para:<\/p>\n<p style=\"text-align: left;\">\n<p style=\"text-align: left;\"><strong>Professor Gilberto Gon\u00e7alves<\/strong><\/p>\n<p style=\"text-align: left;\"><strong>Rua Dr. Oscar G\u00f3es Conrado, 511 \u2013 Vila Junqueira<\/strong><\/p>\n<p style=\"text-align: left;\"><strong>CEP: 14.770-000<\/strong><\/p>\n<p style=\"text-align: left;\"><strong>Colina &#8211; SP<\/strong><\/p>\n<p style=\"text-align: left;\">\n<p style=\"text-align: left;\">O prazo m\u00e1ximo para inscri\u00e7\u00f5es via correio ser\u00e1 19 de junho de 2015.<\/p>\n<p style=\"text-align: left;\">Para inscri\u00e7\u00f5es online o limite ser\u00e1 24 de junho de 2015 at\u00e9 as 23h59m.<\/p>\n<p style=\"text-align: left;\">\n<p style=\"text-align: left;\"><strong>Das premia\u00e7\u00f5es:<\/strong><\/p>\n<p align=\"justify\"><strong>\u00a0<\/strong><\/p>\n<p align=\"justify\">Todo atleta inscrito receber\u00e1 <strong>certificado de participa\u00e7\u00e3o<\/strong> no evento;<\/p>\n<p align=\"justify\">Haver\u00e1 premia\u00e7\u00e3o em <strong>medalhas para o 1\u00ba, 2\u00ba e 3\u00ba<\/strong> lugar em cada categoria;<\/p>\n<p align=\"justify\">Haver\u00e1 premia\u00e7\u00e3o em <strong>medalha de participa\u00e7\u00e3o<\/strong> para os atletas que n\u00e3o conquistarem nenhuma classifica\u00e7\u00e3o entre os tr\u00eas primeiros colocada nas categorias em que competir;<\/p>\n<p align=\"justify\">Haver\u00e1 premia\u00e7\u00e3o em trof\u00e9us para as tr\u00eas melhores equipes (maior numero de pontos), valendo 5 pontos cada medalha de ouro, 4 pontos cada medalha de prata e 3 pontos cada medalha de bronze.<\/p>\n<p style=\"text-align: left;\">\n<p style=\"text-align: left;\"><strong>CADA ASSOCIA\u00c7\u00c3O DEVER\u00c1 TRAZER O SEU EQUIPAMENTO PARA COMBATE.<\/strong><\/p>\n<ul style=\"text-align: left;\">\n<li>PROTETOR BUCAL<\/li>\n<li>CAPACETE FECHADO<\/li>\n<li>PROTETOR DE T\u00d3RAX<\/li>\n<li>PROTETOR DE CANELA<\/li>\n<li>LUVAS DE KUNG FU MODELO KUOSHU OU FREE STYLE<\/li>\n<li>COQUILHA POR DENTRO DA CAL\u00c7A OBRIGAT\u00d3RIO<\/li>\n<li>GARRAFA DE AGUA PARA O ATLETA E PANO COM ALCOOL PARA LIMPEZA DOS EQUIPAMENTOS.<\/li>\n<\/ul>\n<p style=\"text-align: left;\">\n<p style=\"text-align: left;\">Recursos:<\/p>\n<p align=\"justify\">\n<p align=\"justify\">Caso o atleta n\u00e3o concorde com o resultado da arbitragem, dever\u00e1 entrar com recurso por escrito, atrav\u00e9s do chefe da delega\u00e7\u00e3o e pagar uma taxa de R$ 280,00 no prazo de 60 minutos, ap\u00f3s o resultado. Caso o recurso for deferido, haver\u00e1 devolu\u00e7\u00e3o da taxa.<\/p>\n","protected":false},"excerpt":{"rendered":"<p>Convite Manual Tutorial sistema CONVITE Prezados Dirigentes, sauda\u00e7\u00f5es! \u00c9 com grande satisfa\u00e7\u00e3o que convidamos vossa senhoria e sua equipe para participar da I COPA COLINA [&hellip;]<\/p>\n","protected":false},"author":1,"featured_media":0,"parent":0,"menu_order":0,"comment_status":"closed","ping_status":"closed","template":"","meta":{"footnotes":""},"class_list":["post-207","page","type-page","status-publish","hentry"],"_links":{"self":[{"href":"https:\/\/www.dragaobranco.org.br\/site\/wp-json\/wp\/v2\/pages\/207","targetHints":{"allow":["GET"]}}],"collection":[{"href":"https:\/\/www.dragaobranco.org.br\/site\/wp-json\/wp\/v2\/pages"}],"about":[{"href":"https:\/\/www.dragaobranco.org.br\/site\/wp-json\/wp\/v2\/types\/page"}],"author":[{"embeddable":true,"href":"https:\/\/www.dragaobranco.org.br\/site\/wp-json\/wp\/v2\/users\/1"}],"replies":[{"embeddable":true,"href":"https:\/\/www.dragaobranco.org.br\/site\/wp-json\/wp\/v2\/comments?post=207"}],"version-history":[{"count":0,"href":"https:\/\/www.dragaobranco.org.br\/site\/wp-json\/wp\/v2\/pages\/207\/revisions"}],"wp:attachment":[{"href":"https:\/\/www.dragaobranco.org.br\/site\/wp-json\/wp\/v2\/media?parent=207"}],"curies":[{"name":"wp","href":"https:\/\/api.w.org\/{rel}","templated":true}]}}